{"id":436,"date":"2024-10-29T11:25:10","date_gmt":"2024-10-29T10:25:10","guid":{"rendered":"https:\/\/abilis.net\/?page_id=436"},"modified":"2024-12-31T14:52:10","modified_gmt":"2024-12-31T13:52:10","slug":"privacy-policy","status":"publish","type":"page","link":"https:\/\/abilis.net\/it\/privacy-policy\/","title":{"rendered":"Informativa sulla privacy"},"content":{"rendered":"<div class=\"wp-block-group alignwide is-layout-constrained wp-block-group-is-layout-constrained\" style=\"padding-top:150px\">\n<h3 class=\"wp-block-heading\">Informativa sulla privacy<\/h3>\n\n\n\n<p style=\"font-size:20px;font-style:normal;font-weight:400\">INFORMAZIONI ART.13 REGOLAMENTO UE 2016\/679<br>(Regolamento Generale sulla Protezione dei Dati \u2013 RGPD)<br>Conformemente a quanto disciplinato negli art.12 e 13 del RGPD, la ANTEKLAB S.R.L., desidera fornire alcune utili informazioni riguardo alle modalit\u00e0 e finalit\u00e0 del trattamento dei dati personali degli utenti che interagiscono con i servizi web dell\u2019impresa, accessibili per via telematica a partire dall\u2019indirizzo web: <a href=\"http:\/\/www.installatoriaylook.com\" data-type=\"link\" data-id=\"www.installatoriaylook.com\">www.inallatoriaylook.com<\/a><br><\/p>\n\n\n\n<ol class=\"wp-block-list\">\n<li style=\"font-size:20px;font-style:normal;font-weight:400;line-height:1.4\"><strong>TITOLARE DEL TRATTAMENTO (art.4 comma 7 del RGPD)<\/strong><br>Titolare del trattamento dei dati personali \u00e8 la Anteklab S.R.L., con sede legale in Via Manzoni n.49 \u2013 46047 Porto Mantovano (MN), P.I. 01910240207, telefono +39 0376 16262.00; e-mail: amministrazione@antek.it<\/li>\n\n\n\n<li style=\"font-size:20px;font-style:normal;font-weight:400;line-height:1.4\"><strong>DIFFUSIONE DEI DATI<\/strong><br>I dati personali non sono diffusi, con tale termine intendendosi il darne conoscenza a soggetti indeterminati in qualunque modo, anche mediante la loro messa a disposizione o consultazione.<\/li>\n\n\n\n<li style=\"font-size:20px;font-style:normal;font-weight:400;line-height:1.4\"><strong>BASE GIURIDICA DEL TRATTAMENTO<\/strong><br>A. Finalit\u00e0: per adempiere alla richiesta d\u2019informazioni tramite la form del sito web. Base giuridica: il trattamento avviene per il perseguimento di legittimi interessi del titolare (art.6 c.1 lettera F del RGPD) \u2013 per svolgere attivit\u00e0 di informazione e formazione ai clienti e al pubblico e, pi\u00f9 in particolare, per svolgere attivit\u00e0 di comunicazione verso tutto il settore (in generale, installatori che operano nell\u2019ambito della sicurezza) e verso coloro che richiedono informazioni specifiche nel medesimo ambito<br>B. Finalit\u00e0: marketing e pubblicit\u00e0. Base giuridica: l\u2019interessato ha espresso il consenso (art.6 c.1 lettera A del RGPD).<\/li>\n\n\n\n<li style=\"font-size:20px;font-style:normal;font-weight:400;line-height:1.4\"><strong>TIPOLOGIA DI DATI TRATTATI<\/strong><br>Dal sito web \u2013 dati di navigazione<br>I sistemi informatici e le procedure software preposte al funzionamento di tale sito acquisiscono, nel corso del loro normale esercizio, alcuni dati personali la cui trasmissione \u00e8 implicita nell\u2019uso dei protocolli di comunicazione di Internet. In questa categoria di dati rientrano gli indirizzi IP o i nomi a dominio dei computer e dei terminali utilizzati dagli utenti, gli indirizzi in notazione URI\/URL (Uniform Resource Identifier\/Locator) delle risorse richieste, l\u2019orario della richiesta, il metodo utilizzato nel sottoporre la richiesta al server, la dimensione del file ottenuto in risposta, il codice numerico indicante lo stato della risposta data dal server (\u201cbuon fine\u201d, \u201cerrore\u201d, ecc.) ed altri parametri relativi al sistema operativo e all\u2019ambiente informatico dell\u2019utente. Tali dati, necessari per la fruizione dei servizi web, vengono anche trattati allo scopo di:\nottenere informazioni statistiche sull\u2019uso dei servizi (pagine pi\u00f9 visitate, numero di visitatori per fascia oraria o giornaliera, aree geografiche di provenienza, ecc.);\ncontrollare il corretto funzionamento dei servizi offerti, i dati di navigazione non persistono per pi\u00f9 di sei mesi<br>Dai servizi richiesti \u2013 dati comunicati dagli utenti<br>L\u2019invio facoltativo, esplicito e volontario di messaggi agli indirizzi del titolare, nonch\u00e9 la compilazione e l\u2019inoltro di eventuali moduli presenti sui siti del titolare (c.d. form), comportano l\u2019acquisizione dei dati di contatto del mittente, necessari a rispondere (nome, cognome, indirizzo E-mail e telefono), nonch\u00e9 di tutti i dati personali inclusi nelle comunicazioni. Per specifici trattamenti, come l\u2019invio di newsletter e\/o attivit\u00e0 di marketing e pubblicit\u00e0 generalizzati, \u00e8 sempre richiesto uno specifico consenso da parte degli utenti. Resta inteso che in seguito all\u2019acquisto di uno specifico prodotto e\/o servizio, il titolare potr\u00e0 fornire informazioni sul medesimo servizio\/prodotto sotto forma di informazione pubblicitaria inerente aggiornamenti o offerte su quanto gi\u00e0 acquistato (salvo la possibilit\u00e0 di disdire tale servizio inviando specifica comunicazione al medesimo titolare).<\/li>\n\n\n\n<li style=\"font-size:20px;font-style:normal;font-weight:400;line-height:1.4\"><strong>DESTINATARI DEI DATI<\/strong><br>I dati personali potranno essere comunicati al personale dipendente e collaboratori del Titolare, in generale a tutti quei soggetti cui la comunicazione si riveli necessaria per il corretto adempimento delle finalit\u00e0 indicate. Inoltre, i collaboratori di Anteklab S.R.L., nell\u2019ambito della loro organizzazione interna, potranno accedere ai dati solo per svolgere le operazioni del trattamento specificatamente richieste (v. punto 2), con le misure tecniche e organizzative del caso volte ad assicurare la riservatezza, integrit\u00e0 e disponibilit\u00e0 dei dati personali.\nI dati personali sono comunicati anche all\u2019impresa intestataria della singola \u201clanding page\u201d gestita dal Titolare. In certi casi alcuni di questi soggetti possono risultare \u201cResponsabili\u201d del trattamento, pertanto, sono nominati per iscritto dal Titolare \u2013 una lista di tali soggetti pu\u00f2 essere richiesta al Titolare.\nI dati potranno essere altres\u00ec comunicati ad organi giudiziari ed amministrativi su loro espressa richiesta o per disposizioni di legge.<\/li>\n\n\n\n<li style=\"font-size:20px;font-style:normal;font-weight:400;line-height:1.4\"><strong>MODALIT\u00c0 DEL TRATTAMENTO<\/strong><br>Il trattamento dei dati avviene prevalentemente con strumenti elettronici e informatici, gli stessi dati sono memorizzati sia su supporti informatici (prevalente) che su supporti cartacei (molto raro). Il trattamento \u00e8 svolto nel rispetto della sicurezza e delle cautele, delle garanzie e delle misure necessarie prescritte dalla normativa (art.32 del RGPD); volte ad assicurare la riservatezza, l\u2019integrit\u00e0 e la disponibilit\u00e0 dei dati personali trattati. Nonch\u00e9, ad evitare rischi (per es. la perdita del controllo dei dati e il furto). Il trattamento \u00e8 svolto dal Titolare e\/o da eventuali responsabili nominati.<br>Le attivit\u00e0 di gestione e manutenzione del sito web, nonch\u00e9 parte dei trattamenti informatici, hanno luogo presso la sede di anteklab e sono supervisionati dal Titolare.<\/li>\n\n\n\n<li style=\"font-size:20px;font-style:normal;font-weight:400;line-height:1.4\"><strong>CONFERIMENTO DEI DATI E CONSEGUENZE DEL RIFIUTO<\/strong><br>Il conferimento dei dati personali \u00e8 obbligatorio per il raggiungimento delle finalit\u00e0 connesse e per gli obblighi previsti da leggi o da altre normative vincolanti; ed \u00e8 necessario per la gestioni della richiesta trasmessa e per un\u2019eventuale corretta instaurazione o prosecuzione di un rapporto di servizio.\nIl trattamento effettuato secondo la base giuridica e le finalit\u00e0 dichiarate al paragrafo 2 lett. A non necessita di uno specifico consenso.\nIl trattamento effettuato secondo la base giuridica e le finalit\u00e0 dichiarate al paragrafo 2 lett. B necessita di uno specifico consenso.<\/li>\n\n\n\n<li style=\"font-size:20px;font-style:normal;font-weight:400;line-height:1.4\"><strong>TRASFERIMENTO DEI DATI ALL\u2019ESTERO<\/strong><br>I dati personali trattati sono conservati in archivi cartacei e su server ubicati all\u2019interno dell\u2019Unione Europea.<\/li>\n\n\n\n<li style=\"font-size:20px;font-style:normal;font-weight:400;line-height:1.4\"><strong>PERIODO DI CONSERVAZIONE DEI DATI<\/strong><br>Come previsto ai sensi dell\u2019art.5 c.1 lett. E del RGPD, i dati personali sono trattati per il tempo strettamente necessario a conseguire le finalit\u00e0 per cui sono raccolti e per quanto previsto dalle leggi di settore. I dati trattati per finalit\u00e0 A \u2013 contrattuale\/servizio \u2013 verranno conservati per tutta la durata del rapporto ed anche successivamente, per l\u2019espletamento di obblighi di legge e per finalit\u00e0 amministrative. A titolo indicativo, 10 anni come stabilito per Legge dal disposto dell\u2019art. 2220 C.C., fatti salvi eventuali eventi che ne giustifichino il prolungamento e salvo che la loro ulteriore conservazione sia necessaria per assolvere ad obblighi di legge o per adempiere ad ordini impartiti da Pubbliche Autorit\u00e0. I dati trattati per finalit\u00e0 B \u2013 marketing e pubblicit\u00e0 \u2013 verranno conservati per tre anni dall\u2019ultimo contatto.<\/li>\n\n\n\n<li style=\"font-size:20px;font-style:normal;font-weight:400;line-height:1.4\"><strong>DIRITTI DEGLI INTERESSATI<\/strong><br>L\u2019Interessato ha il diritto di chiedere al Titolare del trattamento l\u2019accesso ai dati personali e la rettifica, o la cancellazione degli stessi, o la limitazione dei trattamenti che lo riguardano, ovvero di opporsi al loro trattamento, oltre alla facolt\u00e0 di esercitare il diritto alla portabilit\u00e0 dei dati ai sensi degli artt. da 15 a 22 del RGPD, quando possibile nel rispetto e nei limiti di cui all\u2019art. 17 comma 3 (RGPD).\nInoltre, pu\u00f2 revocare il consenso rilasciato senza pregiudicare la liceit\u00e0 del trattamento basata sul consenso prestato prima della revoca (art.7 comma 3 RGPD).\nPer ogni richiesta e per esercitare i diritti, l\u2019interessato potr\u00e0 scrivere al seguente indirizzo: Anteklab S.R.L. Via Manzoni n.49 \u2013 46047 Porto Mantovano (MN); oppure tramite e-mail: amministrazione@antek.it (indicando nell\u2019oggetto \u201cPrivacy\u201d).\nL\u2019interessato, ha il diritto di proporre reclamo al Garante per la protezione dei dati personali, quale Autorit\u00e0 di controllo, con sede a Piazza Venezia 11 \u2014 00187 Roma (RM).<\/li>\n<\/ol>\n<\/div>","protected":false},"excerpt":{"rendered":"<p>Privacy Policy INFORMATION ART.13 EU REGULATION 2016\/679(General Data Protection Regulation &#8211; RGPD).In accordance with what is regulated in art.12 and [&hellip;]<\/p>\n","protected":false},"author":1,"featured_media":0,"parent":0,"menu_order":0,"comment_status":"closed","ping_status":"closed","template":"","meta":{"site-sidebar-layout":"no-sidebar","site-content-layout":"","ast-site-content-layout":"","site-content-style":"default","site-sidebar-style":"default","ast-global-header-display":"","ast-banner-title-visibility":"","ast-main-header-display":"","ast-hfb-above-header-display":"","ast-hfb-below-header-display":"","ast-hfb-mobile-header-display":"","site-post-title":"disabled","ast-breadcrumbs-content":"","ast-featured-img":"","footer-sml-layout":"","ast-disable-related-posts":"","theme-transparent-header-meta":"","adv-header-id-meta":"","stick-header-meta":"","header-above-stick-meta":"","header-main-stick-meta":"","header-below-stick-meta":"","astra-migrate-meta-layouts":"default","ast-page-background-enabled":"default","ast-page-background-meta":{"desktop":{"background-color":"var(--ast-global-color-4)","background-image":"","background-repeat":"repeat","background-position":"center center","background-size":"auto","background-attachment":"scroll","background-type":"","background-media":"","overlay-type":"","overlay-color":"","overlay-opacity":"","overlay-gradient":""},"tablet":{"background-color":"","background-image":"","background-repeat":"repeat","background-position":"center center","background-size":"auto","background-attachment":"scroll","background-type":"","background-media":"","overlay-type":"","overlay-color":"","overlay-opacity":"","overlay-gradient":""},"mobile":{"background-color":"","background-image":"","background-repeat":"repeat","background-position":"center center","background-size":"auto","background-attachment":"scroll","background-type":"","background-media":"","overlay-type":"","overlay-color":"","overlay-opacity":"","overlay-gradient":""}},"ast-content-background-meta":{"desktop":{"background-color":"var(--ast-global-color-5)","background-image":"","background-repeat":"repeat","background-position":"center center","background-size":"auto","background-attachment":"scroll","background-type":"","background-media":"","overlay-type":"","overlay-color":"","overlay-opacity":"","overlay-gradient":""},"tablet":{"background-color":"var(--ast-global-color-5)","background-image":"","background-repeat":"repeat","background-position":"center center","background-size":"auto","background-attachment":"scroll","background-type":"","background-media":"","overlay-type":"","overlay-color":"","overlay-opacity":"","overlay-gradient":""},"mobile":{"background-color":"var(--ast-global-color-5)","background-image":"","background-repeat":"repeat","background-position":"center center","background-size":"auto","background-attachment":"scroll","background-type":"","background-media":"","overlay-type":"","overlay-color":"","overlay-opacity":"","overlay-gradient":""}},"footnotes":""},"class_list":["post-436","page","type-page","status-publish","hentry"],"_links":{"self":[{"href":"https:\/\/abilis.net\/it\/wp-json\/wp\/v2\/pages\/436","targetHints":{"allow":["GET"]}}],"collection":[{"href":"https:\/\/abilis.net\/it\/wp-json\/wp\/v2\/pages"}],"about":[{"href":"https:\/\/abilis.net\/it\/wp-json\/wp\/v2\/types\/page"}],"author":[{"embeddable":true,"href":"https:\/\/abilis.net\/it\/wp-json\/wp\/v2\/users\/1"}],"replies":[{"embeddable":true,"href":"https:\/\/abilis.net\/it\/wp-json\/wp\/v2\/comments?post=436"}],"version-history":[{"count":9,"href":"https:\/\/abilis.net\/it\/wp-json\/wp\/v2\/pages\/436\/revisions"}],"predecessor-version":[{"id":636,"href":"https:\/\/abilis.net\/it\/wp-json\/wp\/v2\/pages\/436\/revisions\/636"}],"wp:attachment":[{"href":"https:\/\/abilis.net\/it\/wp-json\/wp\/v2\/media?parent=436"}],"curies":[{"name":"wp","href":"https:\/\/api.w.org\/{rel}","templated":true}]}}

<div class="wp-block-group alignwide is-layout-constrained wp-block-group-is-layout-constrained" style="padding-top:150px">
<h3 class="wp-block-heading">Informativa sulla privacy</h3>



<p style="font-size:20px;font-style:normal;font-weight:400">INFORMAZIONI ART.13 REGOLAMENTO UE 2016/679<br>(Regolamento Generale sulla Protezione dei Dati – RGPD)<br>Conformemente a quanto disciplinato negli art.12 e 13 del RGPD, la ANTEKLAB S.R.L., desidera fornire alcune utili informazioni riguardo alle modalità e finalità del trattamento dei dati personali degli utenti che interagiscono con i servizi web dell’impresa, accessibili per via telematica a partire dall’indirizzo web: <a href="http://www.installatoriaylook.com" data-type="link" data-id="www.installatoriaylook.com">www.inallatoriaylook.com</a><br></p>



<ol class="wp-block-list">
<li style="font-size:20px;font-style:normal;font-weight:400;line-height:1.4"><strong>TITOLARE DEL TRATTAMENTO (art.4 comma 7 del RGPD)</strong><br>Titolare del trattamento dei dati personali è la Anteklab S.R.L., con sede legale in Via Manzoni n.49 – 46047 Porto Mantovano (MN), P.I. 01910240207, telefono +39 0376 16262.00; e-mail: amministrazione@antek.it</li>



<li style="font-size:20px;font-style:normal;font-weight:400;line-height:1.4"><strong>DIFFUSIONE DEI DATI</strong><br>I dati personali non sono diffusi, con tale termine intendendosi il darne conoscenza a soggetti indeterminati in qualunque modo, anche mediante la loro messa a disposizione o consultazione.</li>



<li style="font-size:20px;font-style:normal;font-weight:400;line-height:1.4"><strong>BASE GIURIDICA DEL TRATTAMENTO</strong><br>A. Finalità: per adempiere alla richiesta d’informazioni tramite la form del sito web. Base giuridica: il trattamento avviene per il perseguimento di legittimi interessi del titolare (art.6 c.1 lettera F del RGPD) – per svolgere attività di informazione e formazione ai clienti e al pubblico e, più in particolare, per svolgere attività di comunicazione verso tutto il settore (in generale, installatori che operano nell’ambito della sicurezza) e verso coloro che richiedono informazioni specifiche nel medesimo ambito<br>B. Finalità: marketing e pubblicità. Base giuridica: l’interessato ha espresso il consenso (art.6 c.1 lettera A del RGPD).</li>



<li style="font-size:20px;font-style:normal;font-weight:400;line-height:1.4"><strong>TIPOLOGIA DI DATI TRATTATI</strong><br>Dal sito web – dati di navigazione<br>I sistemi informatici e le procedure software preposte al funzionamento di tale sito acquisiscono, nel corso del loro normale esercizio, alcuni dati personali la cui trasmissione è implicita nell’uso dei protocolli di comunicazione di Internet. In questa categoria di dati rientrano gli indirizzi IP o i nomi a dominio dei computer e dei terminali utilizzati dagli utenti, gli indirizzi in notazione URI/URL (Uniform Resource Identifier/Locator) delle risorse richieste, l’orario della richiesta, il metodo utilizzato nel sottoporre la richiesta al server, la dimensione del file ottenuto in risposta, il codice numerico indicante lo stato della risposta data dal server (“buon fine”, “errore”, ecc.) ed altri parametri relativi al sistema operativo e all’ambiente informatico dell’utente. Tali dati, necessari per la fruizione dei servizi web, vengono anche trattati allo scopo di:
ottenere informazioni statistiche sull’uso dei servizi (pagine più visitate, numero di visitatori per fascia oraria o giornaliera, aree geografiche di provenienza, ecc.);
controllare il corretto funzionamento dei servizi offerti, i dati di navigazione non persistono per più di sei mesi<br>Dai servizi richiesti – dati comunicati dagli utenti<br>L’invio facoltativo, esplicito e volontario di messaggi agli indirizzi del titolare, nonché la compilazione e l’inoltro di eventuali moduli presenti sui siti del titolare (c.d. form), comportano l’acquisizione dei dati di contatto del mittente, necessari a rispondere (nome, cognome, indirizzo E-mail e telefono), nonché di tutti i dati personali inclusi nelle comunicazioni. Per specifici trattamenti, come l’invio di newsletter e/o attività di marketing e pubblicità generalizzati, è sempre richiesto uno specifico consenso da parte degli utenti. Resta inteso che in seguito all’acquisto di uno specifico prodotto e/o servizio, il titolare potrà fornire informazioni sul medesimo servizio/prodotto sotto forma di informazione pubblicitaria inerente aggiornamenti o offerte su quanto già acquistato (salvo la possibilità di disdire tale servizio inviando specifica comunicazione al medesimo titolare).</li>



<li style="font-size:20px;font-style:normal;font-weight:400;line-height:1.4"><strong>DESTINATARI DEI DATI</strong><br>I dati personali potranno essere comunicati al personale dipendente e collaboratori del Titolare, in generale a tutti quei soggetti cui la comunicazione si riveli necessaria per il corretto adempimento delle finalità indicate. Inoltre, i collaboratori di Anteklab S.R.L., nell’ambito della loro organizzazione interna, potranno accedere ai dati solo per svolgere le operazioni del trattamento specificatamente richieste (v. punto 2), con le misure tecniche e organizzative del caso volte ad assicurare la riservatezza, integrità e disponibilità dei dati personali.
I dati personali sono comunicati anche all’impresa intestataria della singola “landing page” gestita dal Titolare. In certi casi alcuni di questi soggetti possono risultare “Responsabili” del trattamento, pertanto, sono nominati per iscritto dal Titolare – una lista di tali soggetti può essere richiesta al Titolare.
I dati potranno essere altresì comunicati ad organi giudiziari ed amministrativi su loro espressa richiesta o per disposizioni di legge.</li>



<li style="font-size:20px;font-style:normal;font-weight:400;line-height:1.4"><strong>MODALITÀ DEL TRATTAMENTO</strong><br>Il trattamento dei dati avviene prevalentemente con strumenti elettronici e informatici, gli stessi dati sono memorizzati sia su supporti informatici (prevalente) che su supporti cartacei (molto raro). Il trattamento è svolto nel rispetto della sicurezza e delle cautele, delle garanzie e delle misure necessarie prescritte dalla normativa (art.32 del RGPD); volte ad assicurare la riservatezza, l’integrità e la disponibilità dei dati personali trattati. Nonché, ad evitare rischi (per es. la perdita del controllo dei dati e il furto). Il trattamento è svolto dal Titolare e/o da eventuali responsabili nominati.<br>Le attività di gestione e manutenzione del sito web, nonché parte dei trattamenti informatici, hanno luogo presso la sede di anteklab e sono supervisionati dal Titolare.</li>



<li style="font-size:20px;font-style:normal;font-weight:400;line-height:1.4"><strong>CONFERIMENTO DEI DATI E CONSEGUENZE DEL RIFIUTO</strong><br>Il conferimento dei dati personali è obbligatorio per il raggiungimento delle finalità connesse e per gli obblighi previsti da leggi o da altre normative vincolanti; ed è necessario per la gestioni della richiesta trasmessa e per un’eventuale corretta instaurazione o prosecuzione di un rapporto di servizio.
Il trattamento effettuato secondo la base giuridica e le finalità dichiarate al paragrafo 2 lett. A non necessita di uno specifico consenso.
Il trattamento effettuato secondo la base giuridica e le finalità dichiarate al paragrafo 2 lett. B necessita di uno specifico consenso.</li>



<li style="font-size:20px;font-style:normal;font-weight:400;line-height:1.4"><strong>TRASFERIMENTO DEI DATI ALL’ESTERO</strong><br>I dati personali trattati sono conservati in archivi cartacei e su server ubicati all’interno dell’Unione Europea.</li>



<li style="font-size:20px;font-style:normal;font-weight:400;line-height:1.4"><strong>PERIODO DI CONSERVAZIONE DEI DATI</strong><br>Come previsto ai sensi dell’art.5 c.1 lett. E del RGPD, i dati personali sono trattati per il tempo strettamente necessario a conseguire le finalità per cui sono raccolti e per quanto previsto dalle leggi di settore. I dati trattati per finalità A – contrattuale/servizio – verranno conservati per tutta la durata del rapporto ed anche successivamente, per l’espletamento di obblighi di legge e per finalità amministrative. A titolo indicativo, 10 anni come stabilito per Legge dal disposto dell’art. 2220 C.C., fatti salvi eventuali eventi che ne giustifichino il prolungamento e salvo che la loro ulteriore conservazione sia necessaria per assolvere ad obblighi di legge o per adempiere ad ordini impartiti da Pubbliche Autorità. I dati trattati per finalità B – marketing e pubblicità – verranno conservati per tre anni dall’ultimo contatto.</li>



<li style="font-size:20px;font-style:normal;font-weight:400;line-height:1.4"><strong>DIRITTI DEGLI INTERESSATI</strong><br>L’Interessato ha il diritto di chiedere al Titolare del trattamento l’accesso ai dati personali e la rettifica, o la cancellazione degli stessi, o la limitazione dei trattamenti che lo riguardano, ovvero di opporsi al loro trattamento, oltre alla facoltà di esercitare il diritto alla portabilità dei dati ai sensi degli artt. da 15 a 22 del RGPD, quando possibile nel rispetto e nei limiti di cui all’art. 17 comma 3 (RGPD).
Inoltre, può revocare il consenso rilasciato senza pregiudicare la liceità del trattamento basata sul consenso prestato prima della revoca (art.7 comma 3 RGPD).
Per ogni richiesta e per esercitare i diritti, l’interessato potrà scrivere al seguente indirizzo: Anteklab S.R.L. Via Manzoni n.49 – 46047 Porto Mantovano (MN); oppure tramite e-mail: amministrazione@antek.it (indicando nell’oggetto “Privacy”).
L’interessato, ha il diritto di proporre reclamo al Garante per la protezione dei dati personali, quale Autorità di controllo, con sede a Piazza Venezia 11 — 00187 Roma (RM).</li>
</ol>
</div>
